6 + -3) - -4?
6
Evaluate 0 + (-2 - ((1 - 5) + 0)).
2
(-2 - -3) + 0 - (-6 + 5)
2
Calculate -4 + 14 + 19 + -22.
7
What is (-13 - (-1 + 3)) + 13?
-2
Calculate (-7 - -9 - -1) + -3 + 3.
3
Calculate 0 + -7 + 14 + -9.
-2
What is the value of 5 + 1 + 0 + -4?
2
Calculate 49 + -46 - (0 + 0).
3
Evaluate 1 + -6 - (-8 + (11 - 4)).
-4
Calculate 7 - 14 - (1 - 11).
3
0 + 0 + -11 + 5 + 10
4
(23 - 15) + (-4 - 0)
4
What is the value of (-2 - 2 - (0 + -8)) + -7?
-3
(-2 - -6) + (2 - 2) + 1
5
What is 4 - (0 + 0) - (-2 + 2)?
4
What is (5 - 0) + 5 + -7 - 0?
3
Calculate (4 - 3 - (5 - 4)) + -1.
-1
-2 + 6 + -2 + -5
-3
Calculate (5 - (2 + 0)) + (-2 - -2).
3
What is the value of 2 + 2 - (-2 - -6)?
0
0 + (3 - (4 + 0)) - 10
-11
Calculate 0 + -6 + -1 - -1.
-6
8 + -9 + (1 - 11) - -5
-6
Evaluate 3 + -5 + 3 - (1 - -5).
-5
What is 1 + (9 - 7) + -4?
-1
Evaluate -10 + (9 + -12 - (0 - 9)).
-4
20 - 23 - (-2 + -1 + 4)
-4
Evaluate 1 - 7 - (17 - 18).
-5
What is the value of 2 - (5 + (-13 - -6))?
4
What is 6 + -9 - (-1 - -1)?
-3
What is -2 - (2 + -2 + 1) - -3?
0
Evaluate (-19 - -16) + (-1 - (0 + 0)).
-4
Evaluate (-8 - -5) + 13 + -13.
-3
Calculate 3 + -4 + -4 - -4.
-1
What is -43 + 32 - (-6 + -1)?
-4
Calculate 9 + (-7 - (-3 - -1)).
4
8 + -2 + (22 - 26) - -2
4
Calculate (8 - 13) + 2 + 1.
-2
Calculate 5 + 2 + -7 + (8 - -1).
9
(0 - -4) + (81 - 83)
2
Evaluate 14 + -5 + -10 + (1 - 2).
-2
Calculate -8 + 3 + (-5 - -2) + 9.
1
What is -3 - (2 - (3 + 5))?
3
What is -2 + 10 + -5 + -4?
-1
Evaluate (5 - 2) + 4 + -6 - -6.
7
Calculate (2 - 1) + (-7 - -14) + -5.
3
What is 2 + 0 - -1 - 0?
3
What is the value of -11 - -3 - 3 - -7?
-4
Evaluate -2 + 3 - 11 - -8.
-2
What is 2 + 3 + -4 + 0 + -2?
-1
-7 + (4 - -4 - 3)
-2
What is -7 + (-2 - 1 - -2 - -3)?
-5
What is (2 - 3) + -3 - (-3 + 0)?
-1
-3 - 0 - (-3 + 8 + -6)
-2
(-58 - -66) + (0 - 11)
-3
What is the value of 2 - 2 - 2 - -2?
0
What is -5 - (1 + -1 - 3)?
-2
-48 - -45 - (-5 + 1)
1
Evaluate -3 - (1 + -7 - 1).
4
Evaluate (-11 - (-9 - 8)) + (-5 - -1).
2
What is -7 + 0 + (1 + -5 - -8)?
-3
0 + -1 + (7 - 4 - 1)
1
Calculate -6 + 4 - ((5 - 2) + -9).
4
What is the value of -12 + 15 - (2 + 1)?
0
3 - (-1 - -1 - 3 - -6)
0
What is the value of (3 - -12) + (-9 - 3)?
3
Calculate 1 + -7 + (-5 - -4) - -5.
-2
What is -2 + -1 + 1 + 6 - 3?
1
Calculate 9 + -5 + (-6 - 3).
-5
What is 6 - (5 - (-8 + 5))?
-2
What is the value of 2 + -1 + -14 + 12?
-1
Evaluate 0 - -3 - (41 + -36).
-2
Evaluate 1 + 0 - 0 - (15 + -9).
-5
Calculate -6 + (-4 - (5 + -2 - 6)).
-7
Evaluate 3 + (-14 - (-3 - -3)) + 6.
-5
Evaluate -11 + (2 - (2 + -9)).
-2
7 - 2 - (10 + -7)
2
Evaluate (-3 - -9) + -7 + 4.
3
Calculate 0 + 0 - ((-2 - -2) + -4).
4
What is (-3 - 3) + (22 - 7)?
9
What is (3 - 0) + (-12 - -9) - -1?
1
0 + 10 - (47 - 34)
-3
What is -1 - (-9 + (-3 - -7))?
4
Calculate (-66 - -72 - (-3 + 1)) + -6.
2
Evaluate -11 + 5 + (-2 - -10) - -5.
7
Calculate 11 + (-5 + 4 - 5).
5
What is -2 + (1 + 4 - (50 + -46))?
-1
Calculate 0 + -1 - -3 - (5 - 1).
-2
-30 + 22 - (-9 - 0)
1
(-60 - -61) + (0 - 0) + -5
-4
(-11 - -11) + 1 + (2 - -3)
6
-1 + 3 + (8 - 4)
6
(6 - -1) + 1 - 9
-1
What is 7 - (12 + 2) - -2?
-5
-3 + -3 - (-2 - (-5 + 5))
-4
What is -3 + 2 + 2 + 1 + -4?
-2
What is (-14 - (10 + -10)) + 10?
-4
What is 6 + -8 + (1 - -2) + 4?
5
Evaluate 1 - (-4 + 2) - 6.
-3
What is (1 - 1) + (9 - (9 + -2))?
2
What is (2 - -1) + -32 + 29?
0
Calculate 6 + 2 - (37 - 34).
5
6 + 4 + -17 + 7
0
Calculate (-7 - -10) + (1 - 0).
4
Evaluate 9 + -9 + 4 + -9.
-5
What is -3 - (-6 - -4 - 2)?
1
What is the value of -3 - 0 - (-5 + -1) - 2?
1
What is -1 + -5 + 3 - (12 - 10)?
-5
What is the value of -3 + (1 - (-1 + 0 + 0))?
-1
Calculate 12 - (1 - -8) - (3 - 10).
10
Evaluate (0 - 7) + 7 + (1 - 4).
-3
What is 6 - (-2 + 4) - (1 - -4)?
-1
Evaluate 5 + -1 + -9 + 0.
-5
Calculate -3 - (-7 + 8) - -4.
0
1 + (8 - (-9 + 13))
5
Calculate 7 - ((1 - -4) + 2).
0
What is the value of 6 + (1 - (4 + 1))?
2
Calculate -33 + 37 - (3 + -3).
4
7 + -4 + 0 - -2
5
What is the value of 1 + -1 - (2 - (-4 + 7))?
1
Calculate (-4 - -4 - 1) + 3.
2
-4 + -6 + 0 + 5
-5
What is the value of -21 + 14 + 11 - (-5 - -1)?
8
What is the value of -5 + 0 - (-16 + 12) - -6?
5
What is (0 - 3 - -2) + 7 + -5?
1
Evaluate (-7 - -3) + -2 + 1.
-5
0 + (-3 + -1 - (19 - 22))
-1
What is -9 + 3 + (-6 - -11)?
-1
Evaluate (3 - 0) + -2 + 4 + -2.
3
What is the value of 4 + 0 + (66 - 64)?
6
(-2 - -2) + -6 + 1
-5
What is 2 + -8 + (1 - (-3 - -1))?
-3
What is (-1 - -1) + (1 - 1 - 1)?
-1
What is the value of (0 - (-4 - -8)) + 4?
0
Evaluate -1 - (5 - (1 + 5)).
0
(-1 + 9 - 4) + -8
-4
Evaluate (-2 - -8) + (-8 - -5 - -5).
8
(-2 - (-4 - 1)) + (-1 - -3)
5
Evaluate -4 + 15 + 1 + (1 - 2).
11
What is the value of (0 - -3) + (3 - 2 - 4)?
0
Evaluate -5 + (-4 - -2) - -13.
6
-4 + 0 + (-1 + 0 - 5)
-10
What is 8 + (-1 - (6 + -7)) - 0?
8
Evaluate 0 + (-4 + 1 - -2).
-1
Evaluate -9 - (5 - (15 + -4)) - -7.
4
What is -1 - (5 + -11 + 2)?
3
Calculate 5 + -10 - -5 - -1.
1
Calculate 57 + -59 + (-1 - -3).
0
What is -2 + (-4 - -6) + -3?
-3
What is the value of -1 + 3 + -1 - (90 + -96)?
7
What is the value of -2 + (0 - (3 + -2)) + 3?
0
Evaluate 14 + (2 - 18) + 2 + 7.
7
What is the value of -11 + (14 - 13) + 9?
-1
Calculate 3 - ((7 - 9) + -4 + 6).
3
What is the value of 4 + (-5 - (0 - 0 - -1))?
-2
Evaluate 4 + 0 + -2 + -3 - -8.
7
Calculate (0 - 7 - 0) + 2.
-5
Calculate 0 - (-6 + 6 + -3 + 7).
-4
Calculate -5 + (0 - (5 - 12)) + 2.
4
Evaluate -3 - (-5 + -1 + 3) - -4.
4
-1 + (10 - 10 - (4 - 0))
-5
Evaluate 8 + (1 - 5) - 9.
-5
What is the value of 1 + (5 - (-2 + 6))?
2
What is -8 - (-3 - (0 - -3))?
-2
What is -5 - -2 - (-2 - (2 - 3))?
-2
1 + -2 - (4 + 3 + -11)
3
1 - 1 - (-4 - -2)
2
What is the value of -1 + (1 + -9 - -4)?
-5
What is the value of 0 - ((-13 - -1) + 4 + 3)?
5
Evaluate (-5 - -13 - 6) + 1 + -5.
-2
What is 9 - (6 + -1 + 1)?
3
What is the value of -1 + 7 - (-3 + 3 + 5)?
1
Calculate 4 + (-12 - -5) - -2.
-1
What is the value of 0 + 2 - 8 - -8?
2
What is the value of 6 + (-6 - -13) + -8?
5
Evaluate -9 - (-8 - (-2 - -3)).
0
What is the value of 5 - ((-7 - (-7 + 5)) + 15)?
-5
What is the value of 2 + 4 - (-10 + 12)?
4
Evaluate -5 - (1 + 3) - -4.
-5
97 - 97 - (-3 + -8 - -2)
9
Evaluate 9 + -5 - (3 - 2 - -2).
1
-9 - (-3 + -4) - 2
-4
What is the value of -5 - 3 - -16 - (0 - -3)?
5
Calculate 11 + (1 - 8) + 1.
5
Evaluate -6 + 6 - (5 + 0).
-5
What is the value of -5 - 5 - (-5 + 2)?
-7
-5 - (7 - (8 + -1))
-5
What is -11 + 12 - (-3 - 0)?
4
Calculate (-1 + 6 - 5 - 3) + -2.
-5
Evaluate (3 - (2 - -6) - -10) + 2.
7
Evaluate -3 - ((1 - 11) + (-21 - -22)).
6
Calculate -5 + 1 - (0 + 1).
-5
What is -1 + (-10 + 19 - 6)?
2
What is the value of -2 + (-2 - (-6 + -2 + 4))?
0
What is (5 - (4 - 3)) + -11 + 5?
-2
Calculate -3 + 2 + 2 + 2.
3
What is 5 - (2 - (-2 + -8 - -1))?
-6
Evaluate -5 - (-5 + -1 - (1 - 4)).
-2
What is the value of (2 + 0 - 6) + -1?
-5
What is the value of 3 + 5 + -20 + 10?
-2
2 + 4 - 7 - 4 - -11
6
What is the value of 1 + (-2 - (0 + -6))?
5
What is the value of -12 - -17 - (-2 + 12 - 2)?
-3
Calculate -5 + 4 + 4 - (-1 - -4).
0
What is -3 - -2 - (7 + -10)?
2
-7 - (6 - 2 - 9 - 1)
-1
-1 + 7 - (-7 - (-18 - -6))
1
What is 0 + 5 - (-6 - -7)?
4
What is 2 + (-1 - 3) + 1?
-1
Evaluate (-1 - -4) + (16 + -8 - 5).
6
(-9 - -4) + 2 - (-14 + 13)
-2
What is -3 + -6 + 4 - -3?
-2
-6 + (-3 - -5) + 11 - 15
-8
Calculate -5 + (7 - (2 + 6)).
-6
Evaluate -8 + 9 - (3 + -4).
2
What is 4 + -4 + 4 - (4 - -1)?
-1
Evaluate 2 - (-10 - -20 - 7).
-1
Evaluate -4 + (0 + -3 + 2 - -7).
2
What is the value of (-16 - -9) + 13 + -14?
-8
Calculate 0 + (-6 + 2 - -1).
-3
Evaluate 6 - (3 - (7 - 2)).
8
Evaluate -8 + (-6 - -1 - -7).
-6
Calculate 0 + -1 + (3 - (4 + -1)).
-1
What is -2 - 0 - 3 - (-7 - -5)?
-3
Calculate 3 + 1 + 1 + -8 + -1.
-4
What is the value of 2 - (-2 + 6 + -1)?
-1
Evaluate -8 + (4 - 3) - -4.
-3
Calculate 5 - (-8 - (-22 - -9)).
0
What is -14 + 0 - (1 - 4)?
-11
What is 10 + (-8 - -18 - 16)?
4
-3 + 2 + -3 + (7 - 6)
-3
What is 25 - 27 - (-1 - -1 - 0)?
-2
What is the value of -5 + 5 + 3 - -5?
8
What is -2 + 9 + (-4 - 0)?
3
-3 + 0 - (1 - 3 - -2)
-3
0 + -3 + (2 - 0)
-1
Calculate -6 + 1 - (-50 + 19 + 23).
3
What is the value of 56 - 61 - (-2 - 1)?
-2
Calculate (-3 - -7 - (-2 - -4)) + -3.
-1
Evaluate 0 - 8 - (-10 + 8) - 1.
-7
What is the value of -1 - (-2 + (0 - -4 - 0))?
-3
What is th